ded by 84?
82
Calculate the remainder when 133720270 is divided by 36.
34
What is the remainder when 668191 is divided by 197?
164
What is the remainder when 32849852 is divided by 6421?
16
What is the remainder when 47532707 is divided by 511?
509
What is the remainder when 2868053 is divided by 318623?
446
Calculate the remainder when 17051783 is divided by 1431.
1418
What is the remainder when 50941041 is divided by 154?
151
Calculate the remainder when 57979 is divided by 28308.
1363
What is the remainder when 803423828 is divided by 687?
686
What is the remainder when 51058257 is divided by 642?
639
What is the remainder when 238517 is divided by 79467?
116
What is the remainder when 1327342 is divided by 1432?
1310
Calculate the remainder when 340912 is divided by 636.
16
What is the remainder when 313031 is divided by 6130?
401
What is the remainder when 121980 is divided by 58596?
4788
What is the remainder when 25072313 is divided by 840?
833
What is the remainder when 88575726 is divided by 7?
1
Calculate the remainder when 30994850 is divided by 22.
18
What is the remainder when 788797 is divided by 131448?
109
What is the remainder when 17356679 is divided by 90?
89
Calculate the remainder when 32898 is divided by 289.
241
Calculate the remainder when 17077 is divided by 10442.
6635
What is the remainder when 62322 is divided by 59203?
3119
What is the remainder when 153750364 is divided by 9?
7
What is the remainder when 262247 is divided by 3909?
344
Calculate the remainder when 2576345 is divided by 4063.
403
What is the remainder when 3817571 is divided by 224558?
85
What is the remainder when 1538307 is divided by 467?
9
Calculate the remainder when 822457 is divided by 1233.
46
What is the remainder when 465433 is divided by 337?
36
What is the remainder when 830302 is divided by 1952?
702
What is the remainder when 4137875 is divided by 49?
21
What is the remainder when 36496878 is divided by 75877?
41
What is the remainder when 5393169057 is divided by 30?
27
What is the remainder when 2482421 is divided by 388?
385
What is the remainder when 20245 is divided by 9755?
735
What is the remainder when 548913 is divided by 3891?
282
Calculate the remainder when 2284466 is divided by 4720.
4706
Calculate the remainder when 22991351 is divided by 40.
31
What is the remainder when 3471919 is divided by 165329?
10
What is the remainder when 1244857 is divided by 1244556?
301
What is the remainder when 1365653 is divided by 405?
398
Calculate the remainder when 23608302 is divided by 409.
4
What is the remainder when 1977383 is divided by 69?
50
What is the remainder when 1708765 is divided by 427190?
5
What is the remainder when 84634669 is divided by 1032130?
9
What is the remainder when 137416 is divided by 68691?
34
Calculate the remainder when 38725685 is divided by 877.
873
Calculate the remainder when 1854950 is divided by 15.
5
What is the remainder when 2743404 is divided by 9?
6
What is the remainder when 40633234 is divided by 394497?
43
Calculate the remainder when 7164073 is divided by 2387948.
229
What is the remainder when 2576138 is divided by 35?
33
Calculate the remainder when 61022769 is divided by 547.
543
What is the remainder when 7155063 is divided by 48?
39
Calculate the remainder when 178073 is divided by 70.
63
Calculate the remainder when 580348 is divided by 145017.
280
Calculate the remainder when 7123132 is divided by 712313.
2
Calculate the remainder when 158200 is divided by 19688.
696
What is the remainder when 1155960 is divided by 198?
36
Calculate the remainder when 7330083 is divided by 666367.
46
What is the remainder when 649175 is divided by 129834?
5
What is the remainder when 3235034 is divided by 2042?
506
Calculate the remainder when 4375161 is divided by 297.
54
Calculate the remainder when 1273707 is divided by 101.
97
What is the remainder when 41640483 is divided by 20263?
18
Calculate the remainder when 470434 is divided by 2073.
1936
Calculate the remainder when 88408618 is divided by 18.
16
Calculate the remainder when 12343888 is divided by 1028653.
52
Calculate the remainder when 8367890 is divided by 36.
14
What is the remainder when 26846 is divided by 4890?
2396
Calculate the remainder when 34996 is divided by 1823.
359
Calculate the remainder when 2482490 is divided by 354613.
199
What is the remainder when 751552 is divided by 46?
4
What is the remainder when 257017 is divided by 1503?
4
What is the remainder when 1092018 is divided by 2197?
109
Calculate the remainder when 9710641 is divided by 752.
65
Calculate the remainder when 4124624 is divided by 1031156.
0
What is the remainder when 7000636 is divided by 15386?
6
What is the remainder when 11114042 is divided by 5557016?
10
Calculate the remainder when 702347 is divided by 12.
11
What is the remainder when 138537986 is divided by 309?
308
Calculate the remainder when 93406049 is divided by 46703024.
1
Calculate the remainder when 13381659 is divided by 9718.
9691
Calculate the remainder when 18910375 is divided by 84.
43
What is the remainder when 10105446 is divided by 308?
274
Calculate the remainder when 3462 is divided by 2957.
505
Calculate the remainder when 259412 is divided by 1312.
948
Calculate the remainder when 103305935 is divided by 1707.
2
Calculate the remainder when 1158533 is divided by 2207.
2065
Calculate the remainder when 159769657 is divided by 124.
121
Calculate the remainder when 39070278 is divided by 102.
96
Calculate the remainder when 41298 is divided by 835.
383
Calculate the remainder when 148971 is divided by 74458.
55
Calculate the remainder when 10593970 is divided by 614.
14
Calculate the remainder when 8855759 is divided by 186.
113
What is the remainder when 20966 is divided by 7751?
5464
What is the remainder when 3539532 is divided by 525?
507
What is the remainder when 1049817 is divided by 52?
41
What is the remainder when 44885 is divided by 5344?
2133
Calculate the remainder when 158231 is divided by 39531.
107
Calculate the remainder when 1233599 is divided by 411175.
74
Calculate the remainder when 9671 is divided by 1577.
209
Calculate the remainder when 830489 is divided by 334.
165
Calculate the remainder when 962961 is divided by 814.
813
Calculate the remainder when 589810 is divided by 3915.
2560
Calculate the remainder when 344632 is divided by 167559.
9514
What is the remainder when 405034 is divided by 409?
124
What is the remainder when 231693 is divided by 71712?
16557
What is the remainder when 15284561 is divided by 638?
633
What is the remainder when 223985 is divided by 15?
5
What is the remainder when 13766892 is divided by 895?
2
What is the remainder when 21472 is divided by 10403?
666
What is the remainder when 108976 is divided by 10998?
9994
Calculate the remainder when 99352 is divided by 16432.
760
What is the remainder when 44334323 is divided by 1517?
1515
What is the remainder when 6333662 is divided by 596?
566
Calculate the remainder when 62698718 is divided by 85.
83
What is the remainder when 84567 is divided by 28122?
201
What is the remainder when 108940 is divided by 107?
14
Calculate the remainder when 23714379 is divided by 23714360.
19
Calculate the remainder when 8171 is divided by 1815.
911
What is the remainder when 2101935 is divided by 408?
327
Calculate the remainder when 3145350 is divided by 52.
26
What is the remainder when 29935016 is divided by 9978333?
17
Calculate the remainder when 3589681 is divided by 132951.
4
Calculate the remainder when 44152788 is divided by 11.
9
What is the remainder when 25585268 is divided by 316?
12
Calculate the remainder when 12675 is divided by 466.
93
Calculate the remainder when 5078752 is divided by 55.
52
What is the remainder when 376305590 is divided by 51?
50
Calculate the remainder when 6084968 is divided by 1388.
1364
What is the remainder when 724928 is divided by 193?
20
What is the remainder when 5181656 is divided by 165?
161
Calculate the remainder when 715044329 is divided by 1365.
1364
Calculate the remainder when 481991 is divided by 856.
63
What is the remainder when 3049273 is divided by 30?
13
What is the remainder when 483942 is divided by 161308?
18
What is the remain